{"id":4375,"date":"2017-01-22T17:02:08","date_gmt":"2017-01-22T13:02:08","guid":{"rendered":"http:\/\/inso.ge\/inso2017\/?page_id=4375"},"modified":"2017-01-23T01:41:42","modified_gmt":"2017-01-22T21:41:42","slug":"our-packages-en","status":"publish","type":"page","link":"https:\/\/inso.ge\/inso2017\/our-packages-en\/","title":{"rendered":"ARTICLES"},"content":{"rendered":"<div class=\"column dt-sc-one-fourth first\"><article id=\"post-4811\" class=\"workout-entry post-4811 dt_workouts type-dt_workouts status-publish has-post-thumbnail hentry workout_entries-martvis-sistemebi-ru\"><div class=\"dt-excersises type1\"><div class=\"dt-excersise-thumb\"><a href=\"https:\/\/inso.ge\/inso2017\/dt_workouts\/%d0%bc%d0%be%d0%b4%d0%b5%d0%bb%d0%b8%d1%80%d0%be%d0%b2%d0%b0%d0%bd%d0%b8%d0%b5-%d0%bf%d1%80%d1%8f%d0%bc%d0%be%d1%83%d0%b3%d0%be%d0%bb%d1%8c%d0%bd%d0%be%d0%b9-%d0%bf%d0%bb%d0%b0%d1%81%d1%82%d0%b8%d0%bd\/\" title=\"\u041c\u043e\u0434\u0435\u043b\u0438\u0440\u043e\u0432\u0430\u043d\u0438\u0435 \u043f\u0440\u044f\u043c\u043e\u0443\u0433\u043e\u043b\u044c\u043d\u043e\u0439 \u043f\u043b\u0430\u0441\u0442\u0438\u043d\u043a\u0438 \u043f\u0440\u0438 \u0438\u0437\u0433\u0438\u0431\u0435\"><img loading=\"lazy\" decoding=\"async\" width=\"420\" height=\"242\" src=\"https:\/\/inso.ge\/inso2017\/wp-content\/uploads\/2016\/11\/management-system-cover-420x242.jpg\" class=\"attachment-gallery-fourcol size-gallery-fourcol wp-post-image\" alt=\"\u041c\u043e\u0434\u0435\u043b\u0438\u0440\u043e\u0432\u0430\u043d\u0438\u0435 \u043f\u0440\u044f\u043c\u043e\u0443\u0433\u043e\u043b\u044c\u043d\u043e\u0439 \u043f\u043b\u0430\u0441\u0442\u0438\u043d\u043a\u0438 \u043f\u0440\u0438 \u0438\u0437\u0433\u0438\u0431\u0435\" title=\"\u041c\u043e\u0434\u0435\u043b\u0438\u0440\u043e\u0432\u0430\u043d\u0438\u0435 \u043f\u0440\u044f\u043c\u043e\u0443\u0433\u043e\u043b\u044c\u043d\u043e\u0439 \u043f\u043b\u0430\u0441\u0442\u0438\u043d\u043a\u0438 \u043f\u0440\u0438 \u0438\u0437\u0433\u0438\u0431\u0435\" \/><\/a><\/div><div class=\"dt-excersise-detail\"><div class=\"dt-excersise-detail-title\"><h5><a href=\"https:\/\/inso.ge\/inso2017\/dt_workouts\/%d0%bc%d0%be%d0%b4%d0%b5%d0%bb%d0%b8%d1%80%d0%be%d0%b2%d0%b0%d0%bd%d0%b8%d0%b5-%d0%bf%d1%80%d1%8f%d0%bc%d0%be%d1%83%d0%b3%d0%be%d0%bb%d1%8c%d0%bd%d0%be%d0%b9-%d0%bf%d0%bb%d0%b0%d1%81%d1%82%d0%b8%d0%bd\/\">\u041c\u043e\u0434\u0435\u043b\u0438\u0440\u043e\u0432\u0430\u043d\u0438\u0435 \u043f\u0440\u044f\u043c\u043e\u0443\u0433\u043e\u043b\u044c\u043d\u043e\u0439 \u043f\u043b\u0430\u0441\u0442\u0438\u043d\u043a\u0438 \u043f\u0440\u0438 \u0438\u0437\u0433\u0438\u0431\u0435<\/a><\/h5><div class=\"dt-excersise-meta\"><h6>Muscle Group:<\/h6><p>\u041d\u0430\u0446\u0438\u043e\u043d\u0430\u043b\u044c\u043d\u044b\u0439 \u043f\u043e\u043b\u0438\u0442\u0435\u0445\u043d\u0438\u0447\u0435\u0441\u043a\u0438\u0439 \u0443\u043d\u0438\u0432\u0435\u0440\u0441\u0438\u0442\u0435\u0442 \u0410\u0440\u043c\u0435\u043d\u0438\u0438, \u0413\u044e\u043c\u0440\u0438\u0439\u0441\u043a\u0438\u0439 \u0444\u0438\u043b\u0438\u0430\u043b, \u0413\u044e\u043c\u0440\u0438, \u0410\u0440\u043c\u0435\u043d\u0438\u044f <\/p><\/div><\/div><div class=\"dt-excersise-detail-cnt\"><p>\u0410\u043d\u043d\u043e\u0442\u0430\u0446\u0438\u044f- \u0420\u0430\u0441\u0441\u043c\u0430\u0442\u0440\u0438\u0432\u0430\u0435\u0442\u0441\u044f \u0437\u0430\u0434\u0430\u0447\u0430 \u043d\u0430\u0445\u0430\u0436\u0434\u0435\u043d\u0438\u044f...<\/p><\/div><\/div><\/div><\/article><\/div><div class=\"column dt-sc-one-fourth\"><article id=\"post-4810\" class=\"workout-entry post-4810 dt_workouts type-dt_workouts status-publish has-post-thumbnail hentry workout_entries-martvis-sistemebi-ru\"><div class=\"dt-excersises type1\"><div class=\"dt-excersise-thumb\"><a href=\"https:\/\/inso.ge\/inso2017\/dt_workouts\/%d1%81%d0%b8%d0%bc%d1%83%d0%bb%d1%8f%d1%86%d0%b8%d1%8f-%d0%bf%d1%80%d0%be%d1%86%d0%b5%d1%81%d1%81%d0%b0-%d1%82%d0%be%d0%bd%d0%ba%d0%be%d0%bb%d0%b5%d0%b7%d0%b2%d0%b8%d0%b9%d0%bd%d0%be%d0%b9-%d0%be\/\" title=\"\u0421\u0438\u043c\u0443\u043b\u044f\u0446\u0438\u044f \u043f\u0440\u043e\u0446\u0435\u0441\u0441\u0430 \u0442\u043e\u043d\u043a\u043e\u043b\u0435\u0437\u0432\u0438\u0439\u043d\u043e\u0439 \u043e\u0431\u0440\u0430\u0431\u043e\u0442\u043a\u0438 \u0441\u043f\u043b\u0430\u0432\u043e\u0432 \u0438\u0437 \u0446\u0432\u0435\u0442\u043d\u044b\u0445 \u043c\u0435\u0442\u0430\u043b\u043b\u043e\u0432\"><img loading=\"lazy\" decoding=\"async\" width=\"420\" height=\"242\" src=\"https:\/\/inso.ge\/inso2017\/wp-content\/uploads\/2016\/11\/management-system-cover-420x242.jpg\" class=\"attachment-gallery-fourcol size-gallery-fourcol wp-post-image\" alt=\"\u0421\u0438\u043c\u0443\u043b\u044f\u0446\u0438\u044f \u043f\u0440\u043e\u0446\u0435\u0441\u0441\u0430 \u0442\u043e\u043d\u043a\u043e\u043b\u0435\u0437\u0432\u0438\u0439\u043d\u043e\u0439 \u043e\u0431\u0440\u0430\u0431\u043e\u0442\u043a\u0438 \u0441\u043f\u043b\u0430\u0432\u043e\u0432 \u0438\u0437 \u0446\u0432\u0435\u0442\u043d\u044b\u0445 \u043c\u0435\u0442\u0430\u043b\u043b\u043e\u0432\" title=\"\u0421\u0438\u043c\u0443\u043b\u044f\u0446\u0438\u044f \u043f\u0440\u043e\u0446\u0435\u0441\u0441\u0430 \u0442\u043e\u043d\u043a\u043e\u043b\u0435\u0437\u0432\u0438\u0439\u043d\u043e\u0439 \u043e\u0431\u0440\u0430\u0431\u043e\u0442\u043a\u0438 \u0441\u043f\u043b\u0430\u0432\u043e\u0432 \u0438\u0437 \u0446\u0432\u0435\u0442\u043d\u044b\u0445 \u043c\u0435\u0442\u0430\u043b\u043b\u043e\u0432\" \/><\/a><\/div><div class=\"dt-excersise-detail\"><div class=\"dt-excersise-detail-title\"><h5><a href=\"https:\/\/inso.ge\/inso2017\/dt_workouts\/%d1%81%d0%b8%d0%bc%d1%83%d0%bb%d1%8f%d1%86%d0%b8%d1%8f-%d0%bf%d1%80%d0%be%d1%86%d0%b5%d1%81%d1%81%d0%b0-%d1%82%d0%be%d0%bd%d0%ba%d0%be%d0%bb%d0%b5%d0%b7%d0%b2%d0%b8%d0%b9%d0%bd%d0%be%d0%b9-%d0%be\/\">\u0421\u0438\u043c\u0443\u043b\u044f\u0446\u0438\u044f \u043f\u0440\u043e\u0446\u0435\u0441\u0441\u0430 \u0442\u043e\u043d\u043a\u043e\u043b\u0435\u0437\u0432\u0438\u0439\u043d\u043e\u0439 \u043e\u0431\u0440\u0430\u0431\u043e\u0442\u043a\u0438 \u0441\u043f\u043b\u0430\u0432\u043e\u0432 \u0438\u0437 \u0446\u0432\u0435\u0442\u043d\u044b\u0445 \u043c\u0435\u0442\u0430\u043b\u043b\u043e\u0432<\/a><\/h5><div class=\"dt-excersise-meta\"><h6>Muscle Group:<\/h6><p>\u041d\u0430\u0446\u0438\u043e\u043d\u0430\u043b\u044c\u043d\u044b\u0439 \u043f\u043e\u043b\u0438\u0442\u0435\u0445\u043d\u0438\u0447\u0435\u0441\u043a\u0438\u0439 \u0443\u043d\u0438\u0432\u0435\u0440\u0441\u0438\u0442\u0435\u0442 \u0410\u0440\u043c\u0435\u043d\u0438\u0438, \u0413\u044e\u043c\u0440\u0438\u0439\u0441\u043a\u0438\u0439 \u0444\u0438\u043b\u0438\u0430\u043b, \u0413\u044e\u043c\u0440\u0438, \u0410\u0440\u043c\u0435\u043d\u0438\u044f <\/p><\/div><\/div><div class=\"dt-excersise-detail-cnt\"><p>\u0410\u043d\u043d\u043e\u0442\u0430\u0446\u0438\u044f- \u0414\u043b\u044f \u043e\u043f\u0440\u0435\u0434\u0435\u043b\u0435\u043d\u0438\u044f \u0441\u0438\u043b...<\/p><\/div><\/div><\/div><\/article><\/div><div class=\"column dt-sc-one-fourth\"><article id=\"post-4809\" class=\"workout-entry post-4809 dt_workouts type-dt_workouts status-publish has-post-thumbnail hentry workout_entries-martvis-sistemebi-ru\"><div class=\"dt-excersises type1\"><div class=\"dt-excersise-thumb\"><a href=\"https:\/\/inso.ge\/inso2017\/dt_workouts\/%d0%bf%d0%b8%d1%81%d1%8c%d0%bc%d0%b5%d0%bd%d0%bd%d0%b0%d1%8f-%d1%84%d0%be%d1%80%d0%bc%d0%b0-%d0%b6%d0%b5%d1%81%d1%82%d0%be%d0%b2-%d0%b8-%d0%b5%d1%91-%d0%bf%d1%80%d0%b8%d0%bc%d0%b5%d0%bd%d0%b5%d0%bd\/\" title=\"\u041f\u0438\u0441\u044c\u043c\u0435\u043d\u043d\u0430\u044f \u0444\u043e\u0440\u043c\u0430 \u0436\u0435\u0441\u0442\u043e\u0432 \u0438 \u0435\u0451 \u043f\u0440\u0438\u043c\u0435\u043d\u0435\u043d\u0438\u0435 \u0434\u043b\u044f \u043d\u0430\u0446\u0438\u043e\u043d\u0430\u043b\u044c\u043d\u044b\u0445 \u0436\u0435\u0441\u0442\u043e\u0432\u044b\u0445 \u044f\u0437\u044b\u043a\u043e\u0432\"><img loading=\"lazy\" decoding=\"async\" width=\"420\" height=\"242\" src=\"https:\/\/inso.ge\/inso2017\/wp-content\/uploads\/2016\/11\/management-system-cover-420x242.jpg\" class=\"attachment-gallery-fourcol size-gallery-fourcol wp-post-image\" alt=\"\u041f\u0438\u0441\u044c\u043c\u0435\u043d\u043d\u0430\u044f \u0444\u043e\u0440\u043c\u0430 \u0436\u0435\u0441\u0442\u043e\u0432 \u0438 \u0435\u0451 \u043f\u0440\u0438\u043c\u0435\u043d\u0435\u043d\u0438\u0435 \u0434\u043b\u044f \u043d\u0430\u0446\u0438\u043e\u043d\u0430\u043b\u044c\u043d\u044b\u0445 \u0436\u0435\u0441\u0442\u043e\u0432\u044b\u0445 \u044f\u0437\u044b\u043a\u043e\u0432\" title=\"\u041f\u0438\u0441\u044c\u043c\u0435\u043d\u043d\u0430\u044f \u0444\u043e\u0440\u043c\u0430 \u0436\u0435\u0441\u0442\u043e\u0432 \u0438 \u0435\u0451 \u043f\u0440\u0438\u043c\u0435\u043d\u0435\u043d\u0438\u0435 \u0434\u043b\u044f \u043d\u0430\u0446\u0438\u043e\u043d\u0430\u043b\u044c\u043d\u044b\u0445 \u0436\u0435\u0441\u0442\u043e\u0432\u044b\u0445 \u044f\u0437\u044b\u043a\u043e\u0432\" \/><\/a><\/div><div class=\"dt-excersise-detail\"><div class=\"dt-excersise-detail-title\"><h5><a href=\"https:\/\/inso.ge\/inso2017\/dt_workouts\/%d0%bf%d0%b8%d1%81%d1%8c%d0%bc%d0%b5%d0%bd%d0%bd%d0%b0%d1%8f-%d1%84%d0%be%d1%80%d0%bc%d0%b0-%d0%b6%d0%b5%d1%81%d1%82%d0%be%d0%b2-%d0%b8-%d0%b5%d1%91-%d0%bf%d1%80%d0%b8%d0%bc%d0%b5%d0%bd%d0%b5%d0%bd\/\">\u041f\u0438\u0441\u044c\u043c\u0435\u043d\u043d\u0430\u044f \u0444\u043e\u0440\u043c\u0430 \u0436\u0435\u0441\u0442\u043e\u0432 \u0438 \u0435\u0451 \u043f\u0440\u0438\u043c\u0435\u043d\u0435\u043d\u0438\u0435 \u0434\u043b\u044f \u043d\u0430\u0446\u0438\u043e\u043d\u0430\u043b\u044c\u043d\u044b\u0445 \u0436\u0435\u0441\u0442\u043e\u0432\u044b\u0445 \u044f\u0437\u044b\u043a\u043e\u0432<\/a><\/h5><div class=\"dt-excersise-meta\"><h6>Muscle Group:<\/h6><p>\u0418\u043d\u0441\u0442\u0438\u0442\u0443\u0442 \u043f\u0440\u043e\u0431\u043b\u0435\u043c \u0443\u043f\u0440\u0430\u0432\u043b\u0435\u043d\u0438\u044f \u0438\u043c. \u0412.\u0410. \u0422\u0440\u0430\u043f\u0435\u0437\u043d\u0438\u043a\u043e\u0432\u0430, \u0420\u0410\u041d, \u041c\u043e\u0441\u043a\u0432\u0430, \u0420\u043e\u0441\u0441\u0438\u044f, \u0413\u043e\u0441\u0443\u0434\u0430\u0440\u0441\u0442\u0432\u0435\u043d\u043d\u044b\u0439 \u0443\u043d\u0438\u0432\u0435\u0440\u0441\u0438\u0442\u0435\u0442 \u0438\u043c. \u0410\u043a\u0430\u043a\u0438\u044f \u0426\u0435\u0440\u0435\u0442\u0435\u043b\u0438, \u041a\u0443\u0442\u0430\u0438\u0441\u0438, \u0413\u0440\u0443\u0437\u0438\u044f <\/p><\/div><\/div><div class=\"dt-excersise-detail-cnt\"><p>\u0410\u043d\u043d\u043e\u0442\u0430\u0446\u0438\u044f \u2013 \u0414\u0430\u043d\u043e \u043e\u043f\u0438\u0441\u0430\u043d\u0438\u0435...<\/p><\/div><\/div><\/div><\/article><\/div><div class=\"column dt-sc-one-fourth\"><article id=\"post-4808\" class=\"workout-entry post-4808 dt_workouts type-dt_workouts status-publish has-post-thumbnail hentry workout_entries-martvis-sistemebi-ru\"><div class=\"dt-excersises type1\"><div class=\"dt-excersise-thumb\"><a href=\"https:\/\/inso.ge\/inso2017\/dt_workouts\/%d0%bc%d0%be%d0%b4%d0%b5%d0%bb%d0%b8%d1%80%d0%be%d0%b2%d0%b0%d0%bd%d0%b8%d0%b5-%d0%b4%d0%b2%d0%b8%d0%b6%d0%b5%d0%bd%d0%b8%d1%8f-%d0%b2%d0%be%d0%b7%d0%b4%d1%83%d1%88%d0%bd%d0%be%d0%b3%d0%be-%d0%bf\/\" title=\"\u041c\u043e\u0434\u0435\u043b\u0438\u0440\u043e\u0432\u0430\u043d\u0438\u0435 \u0434\u0432\u0438\u0436\u0435\u043d\u0438\u044f \u0432\u043e\u0437\u0434\u0443\u0448\u043d\u043e\u0433\u043e \u043f\u043e\u0442\u043e\u043a\u0430 \u0432 \u0440\u0430\u043f\u0438\u0440\u0430\u0445 \u043f\u043d\u0435\u0432\u043c\u043e\u0440\u0430\u043f\u0438\u0440\u043d\u043e\u0433\u043e \u0441\u0442\u0430\u043d\u043a\u0430 \u0432 \u043f\u0440\u043e\u0433\u0440\u0430\u043c\u043c\u043d\u043e\u0439 \u0441\u0440\u0435\u0434\u0435 SolidWorks\"><img loading=\"lazy\" decoding=\"async\" width=\"420\" height=\"242\" src=\"https:\/\/inso.ge\/inso2017\/wp-content\/uploads\/2016\/11\/management-system-cover-420x242.jpg\" class=\"attachment-gallery-fourcol size-gallery-fourcol wp-post-image\" alt=\"\u041c\u043e\u0434\u0435\u043b\u0438\u0440\u043e\u0432\u0430\u043d\u0438\u0435 \u0434\u0432\u0438\u0436\u0435\u043d\u0438\u044f \u0432\u043e\u0437\u0434\u0443\u0448\u043d\u043e\u0433\u043e \u043f\u043e\u0442\u043e\u043a\u0430 \u0432 \u0440\u0430\u043f\u0438\u0440\u0430\u0445 \u043f\u043d\u0435\u0432\u043c\u043e\u0440\u0430\u043f\u0438\u0440\u043d\u043e\u0433\u043e \u0441\u0442\u0430\u043d\u043a\u0430 \u0432 \u043f\u0440\u043e\u0433\u0440\u0430\u043c\u043c\u043d\u043e\u0439 \u0441\u0440\u0435\u0434\u0435 SolidWorks\" title=\"\u041c\u043e\u0434\u0435\u043b\u0438\u0440\u043e\u0432\u0430\u043d\u0438\u0435 \u0434\u0432\u0438\u0436\u0435\u043d\u0438\u044f \u0432\u043e\u0437\u0434\u0443\u0448\u043d\u043e\u0433\u043e \u043f\u043e\u0442\u043e\u043a\u0430 \u0432 \u0440\u0430\u043f\u0438\u0440\u0430\u0445 \u043f\u043d\u0435\u0432\u043c\u043e\u0440\u0430\u043f\u0438\u0440\u043d\u043e\u0433\u043e \u0441\u0442\u0430\u043d\u043a\u0430 \u0432 \u043f\u0440\u043e\u0433\u0440\u0430\u043c\u043c\u043d\u043e\u0439 \u0441\u0440\u0435\u0434\u0435 SolidWorks\" \/><\/a><\/div><div class=\"dt-excersise-detail\"><div class=\"dt-excersise-detail-title\"><h5><a href=\"https:\/\/inso.ge\/inso2017\/dt_workouts\/%d0%bc%d0%be%d0%b4%d0%b5%d0%bb%d0%b8%d1%80%d0%be%d0%b2%d0%b0%d0%bd%d0%b8%d0%b5-%d0%b4%d0%b2%d0%b8%d0%b6%d0%b5%d0%bd%d0%b8%d1%8f-%d0%b2%d0%be%d0%b7%d0%b4%d1%83%d1%88%d0%bd%d0%be%d0%b3%d0%be-%d0%bf\/\">\u041c\u043e\u0434\u0435\u043b\u0438\u0440\u043e\u0432\u0430\u043d\u0438\u0435 \u0434\u0432\u0438\u0436\u0435\u043d\u0438\u044f \u0432\u043e\u0437\u0434\u0443\u0448\u043d\u043e\u0433\u043e \u043f\u043e\u0442\u043e\u043a\u0430 \u0432 \u0440\u0430\u043f\u0438\u0440\u0430\u0445 \u043f\u043d\u0435\u0432\u043c\u043e\u0440\u0430\u043f\u0438\u0440\u043d\u043e\u0433\u043e \u0441\u0442\u0430\u043d\u043a\u0430 \u0432 \u043f\u0440\u043e\u0433\u0440\u0430\u043c\u043c\u043d\u043e\u0439 \u0441\u0440\u0435\u0434\u0435 SolidWorks<\/a><\/h5><div class=\"dt-excersise-meta\"><h6>Muscle Group:<\/h6><p>\u0413\u044e\u043c\u0440\u0438\u0439\u0441\u043a\u0438\u0439 \u0424\u0438\u043b\u0438\u0430\u043b \u041d\u0430\u0446\u0438\u043e\u043d\u0430\u043b\u044c\u043d\u043e\u0433\u043e \u041f\u043e\u043b\u0438\u0442\u0435\u0445\u043d\u0438\u0447\u0435\u0441\u043a\u043e\u0433\u043e \u0423\u043d\u0438\u0432\u0435\u0440\u0441\u0438\u0442\u0435\u0442\u0430 \u0410\u0440\u043c\u0435\u043d\u0438\u0438, \u0413\u044e\u043c\u0440\u0438, \u0410\u0440\u043c\u0435\u043d\u0438\u044f<\/p><\/div><\/div><div class=\"dt-excersise-detail-cnt\"><p>\u0410\u043d\u043d\u043e\u0442\u0430\u0446\u0438\u044f \u2013 \u0412 \u0441\u0442\u0430\u0442\u044c\u0435...<\/p><\/div><\/div><\/div><\/article><\/div><div class=\"column dt-sc-one-fourth first\"><article id=\"post-4802\" class=\"workout-entry post-4802 dt_workouts type-dt_workouts status-publish has-post-thumbnail hentry workout_entries-martvis-sistemebi-ru\"><div class=\"dt-excersises type1\"><div class=\"dt-excersise-thumb\"><a href=\"https:\/\/inso.ge\/inso2017\/dt_workouts\/%d0%bc%d0%be%d0%b4%d0%b5%d0%bb%d0%b8%d1%80%d0%be%d0%b2%d0%b0%d0%bd%d0%b8%d0%b5-%d0%b2%d0%bb%d0%b8%d1%8f%d0%bd%d0%b8%d1%8f-%d0%b8%d0%bd%d1%84%d0%be%d1%80%d0%bc%d0%b0%d1%86%d0%b8%d0%be%d0%bd%d0%bd%d1%8b\/\" title=\"\u041c\u043e\u0434\u0435\u043b\u0438\u0440\u043e\u0432\u0430\u043d\u0438\u0435 \u0432\u043b\u0438\u044f\u043d\u0438\u044f \u0438\u043d\u0444\u043e\u0440\u043c\u0430\u0446\u0438\u043e\u043d\u043d\u044b\u0445 \u0442\u0435\u0445\u043d\u043e\u043b\u043e\u0433\u0438\u0439 \u043d\u0430 \u044d\u043a\u043e\u043d\u043e\u043c\u0438\u0447\u0435\u0441\u043a\u0438\u0439 \u0440\u043e\u0441\u0442 \u0432 \u0410\u0440\u043c\u0435\u043d\u0438\u0438\"><img loading=\"lazy\" decoding=\"async\" width=\"420\" height=\"242\" src=\"https:\/\/inso.ge\/inso2017\/wp-content\/uploads\/2016\/11\/management-system-cover-420x242.jpg\" class=\"attachment-gallery-fourcol size-gallery-fourcol wp-post-image\" alt=\"\u041c\u043e\u0434\u0435\u043b\u0438\u0440\u043e\u0432\u0430\u043d\u0438\u0435 \u0432\u043b\u0438\u044f\u043d\u0438\u044f \u0438\u043d\u0444\u043e\u0440\u043c\u0430\u0446\u0438\u043e\u043d\u043d\u044b\u0445 \u0442\u0435\u0445\u043d\u043e\u043b\u043e\u0433\u0438\u0439 \u043d\u0430 \u044d\u043a\u043e\u043d\u043e\u043c\u0438\u0447\u0435\u0441\u043a\u0438\u0439 \u0440\u043e\u0441\u0442 \u0432 \u0410\u0440\u043c\u0435\u043d\u0438\u0438\" title=\"\u041c\u043e\u0434\u0435\u043b\u0438\u0440\u043e\u0432\u0430\u043d\u0438\u0435 \u0432\u043b\u0438\u044f\u043d\u0438\u044f \u0438\u043d\u0444\u043e\u0440\u043c\u0430\u0446\u0438\u043e\u043d\u043d\u044b\u0445 \u0442\u0435\u0445\u043d\u043e\u043b\u043e\u0433\u0438\u0439 \u043d\u0430 \u044d\u043a\u043e\u043d\u043e\u043c\u0438\u0447\u0435\u0441\u043a\u0438\u0439 \u0440\u043e\u0441\u0442 \u0432 \u0410\u0440\u043c\u0435\u043d\u0438\u0438\" \/><\/a><\/div><div class=\"dt-excersise-detail\"><div class=\"dt-excersise-detail-title\"><h5><a href=\"https:\/\/inso.ge\/inso2017\/dt_workouts\/%d0%bc%d0%be%d0%b4%d0%b5%d0%bb%d0%b8%d1%80%d0%be%d0%b2%d0%b0%d0%bd%d0%b8%d0%b5-%d0%b2%d0%bb%d0%b8%d1%8f%d0%bd%d0%b8%d1%8f-%d0%b8%d0%bd%d1%84%d0%be%d1%80%d0%bc%d0%b0%d1%86%d0%b8%d0%be%d0%bd%d0%bd%d1%8b\/\">\u041c\u043e\u0434\u0435\u043b\u0438\u0440\u043e\u0432\u0430\u043d\u0438\u0435 \u0432\u043b\u0438\u044f\u043d\u0438\u044f \u0438\u043d\u0444\u043e\u0440\u043c\u0430\u0446\u0438\u043e\u043d\u043d\u044b\u0445 \u0442\u0435\u0445\u043d\u043e\u043b\u043e\u0433\u0438\u0439 \u043d\u0430 \u044d\u043a\u043e\u043d\u043e\u043c\u0438\u0447\u0435\u0441\u043a\u0438\u0439 \u0440\u043e\u0441\u0442 \u0432 \u0410\u0440\u043c\u0435\u043d\u0438\u0438<\/a><\/h5><div class=\"dt-excersise-meta\"><h6>Muscle Group:<\/h6><p>\u0410\u0440\u043c\u044f\u043d\u0441\u043a\u0438\u0439 \u0413\u043e\u0441\u0443\u0434\u0430\u0440\u0441\u0442\u0432\u0435\u043d\u043d\u044b\u0439 \u042d\u043a\u043e\u043d\u043e\u043c\u0438\u0447\u0435\u0441\u043a\u0438\u0439 \u0423\u043d\u0438\u0432\u0435\u0440\u0441\u0438\u0442\u0435\u0442, \u0415\u0440\u0435\u0432\u0430\u043d, \u0410\u0440\u043c\u0435\u043d\u0438\u044f<\/p><\/div><\/div><div class=\"dt-excersise-detail-cnt\"><p>\u0410\u043d\u043d\u043e\u0442\u0430\u0446\u0438\u044f \u2013 \u041f\u043e\u0434\u0441\u0447\u0438\u0442\u0430\u043d\u043e \u043f\u0440\u043e\u0446\u0435\u043d\u0442\u043d\u043e\u0435...<\/p><\/div><\/div><\/div><\/article><\/div><div class=\"column dt-sc-one-fourth\"><article id=\"post-4795\" class=\"workout-entry post-4795 dt_workouts type-dt_workouts status-publish has-post-thumbnail hentry workout_entries-internet-forange-language-en\"><div class=\"dt-excersises type1\"><div class=\"dt-excersise-thumb\"><a href=\"https:\/\/inso.ge\/inso2017\/dt_workouts\/integration-des-ressources-en-ligne-dans-lenseignementlapprentissage-du-francais\/\" title=\"Int\u00e9gration des ressources en ligne dans  l\u2019enseignement  l\u2019apprentissage du fran\u00e7ais\"><img loading=\"lazy\" decoding=\"async\" width=\"420\" height=\"242\" src=\"https:\/\/inso.ge\/inso2017\/wp-content\/uploads\/2016\/04\/forange-languages-420x242.jpg\" class=\"attachment-gallery-fourcol size-gallery-fourcol wp-post-image\" alt=\"Int\u00e9gration des ressources en ligne dans  l\u2019enseignement  l\u2019apprentissage du fran\u00e7ais\" title=\"Int\u00e9gration des ressources en ligne dans  l\u2019enseignement  l\u2019apprentissage du fran\u00e7ais\" \/><\/a><\/div><div class=\"dt-excersise-detail\"><div class=\"dt-excersise-detail-title\"><h5><a href=\"https:\/\/inso.ge\/inso2017\/dt_workouts\/integration-des-ressources-en-ligne-dans-lenseignementlapprentissage-du-francais\/\">Int\u00e9gration des ressources en ligne dans  l\u2019enseignement  l\u2019apprentissage du fran\u00e7ais<\/a><\/h5><div class=\"dt-excersise-meta\"><h6>Muscle Group:<\/h6><p>Universit\u00e9 d\u2019Etat Akaki Ts\u00e9r\u00e9t\u00e9li, Kouta\u0457ssi, G\u00e9orgie<\/p><\/div><\/div><div class=\"dt-excersise-detail-cnt\"><p>R\u00e9sum\u00e9 \u2013 Dans cet...<\/p><\/div><\/div><\/div><\/article><\/div><div class=\"column dt-sc-one-fourth\"><article id=\"post-4792\" class=\"workout-entry post-4792 dt_workouts type-dt_workouts status-publish has-post-thumbnail hentry workout_entries-internet-forange-language-en\"><div class=\"dt-excersises type1\"><div class=\"dt-excersise-thumb\"><a href=\"https:\/\/inso.ge\/inso2017\/dt_workouts\/die-app-actionbound-im-fremdsprachenunterricht\/\" title=\"Die App Actionbound Im Fremdsprachenunterricht\"><img loading=\"lazy\" decoding=\"async\" width=\"420\" height=\"242\" src=\"https:\/\/inso.ge\/inso2017\/wp-content\/uploads\/2016\/04\/forange-languages-420x242.jpg\" class=\"attachment-gallery-fourcol size-gallery-fourcol wp-post-image\" alt=\"Die App Actionbound Im Fremdsprachenunterricht\" title=\"Die App Actionbound Im Fremdsprachenunterricht\" \/><\/a><\/div><div class=\"dt-excersise-detail\"><div class=\"dt-excersise-detail-title\"><h5><a href=\"https:\/\/inso.ge\/inso2017\/dt_workouts\/die-app-actionbound-im-fremdsprachenunterricht\/\">Die App Actionbound Im Fremdsprachenunterricht<\/a><\/h5><div class=\"dt-excersise-meta\"><h6>Muscle Group:<\/h6><p>Lektorin des Deutschen Akademischen Austauschdienstes (DAAD). <\/p><\/div><\/div><div class=\"dt-excersise-detail-cnt\"><p>Abstract: F\u00fcr den Fremdsprachenunterricht...<\/p><\/div><\/div><\/div><\/article><\/div><div class=\"column dt-sc-one-fourth\"><article id=\"post-4788\" class=\"workout-entry post-4788 dt_workouts type-dt_workouts status-publish has-post-thumbnail hentry workout_entries-martvis-sistemebi-en\"><div class=\"dt-excersises type1\"><div class=\"dt-excersise-thumb\"><a href=\"https:\/\/inso.ge\/inso2017\/dt_workouts\/a-geographically-encoded-locust-impact-minimization-information-system-geo-limis-for-west-kazakhstan\/\" title=\"A geographically encoded locust impact minimization information system (Geo-LIMIS) for west Kazakhstan\"><img loading=\"lazy\" decoding=\"async\" width=\"420\" height=\"242\" src=\"https:\/\/inso.ge\/inso2017\/wp-content\/uploads\/2016\/11\/management-system-cover-420x242.jpg\" class=\"attachment-gallery-fourcol size-gallery-fourcol wp-post-image\" alt=\"A geographically encoded locust impact minimization information system (Geo-LIMIS) for west Kazakhstan\" title=\"A geographically encoded locust impact minimization information system (Geo-LIMIS) for west Kazakhstan\" \/><\/a><\/div><div class=\"dt-excersise-detail\"><div class=\"dt-excersise-detail-title\"><h5><a href=\"https:\/\/inso.ge\/inso2017\/dt_workouts\/a-geographically-encoded-locust-impact-minimization-information-system-geo-limis-for-west-kazakhstan\/\">A geographically encoded locust impact minimization information system (Geo-LIMIS) for west Kazakhstan<\/a><\/h5><div class=\"dt-excersise-meta\"><h6>Muscle Group:<\/h6><p> Joint Society \u201cAcademy of Finance\u201d, Astana, Kazakhstan<\/p><\/div><\/div><div class=\"dt-excersise-detail-cnt\"><p>Kazakhstan is a major...<\/p><\/div><\/div><\/div><\/article><\/div><div class=\"column dt-sc-one-fourth first\"><article id=\"post-4784\" class=\"workout-entry post-4784 dt_workouts type-dt_workouts status-publish has-post-thumbnail hentry workout_entries-martvis-sistemebi-en\"><div class=\"dt-excersises type1\"><div class=\"dt-excersise-thumb\"><a href=\"https:\/\/inso.ge\/inso2017\/dt_workouts\/intelligent-simulation-of-the-epidemic-process-of-diphtheria-infection\/\" title=\"Intelligent Simulation of the Epidemic Process of Diphtheria Infection\"><img loading=\"lazy\" decoding=\"async\" width=\"420\" height=\"242\" src=\"https:\/\/inso.ge\/inso2017\/wp-content\/uploads\/2016\/11\/management-system-cover-420x242.jpg\" class=\"attachment-gallery-fourcol size-gallery-fourcol wp-post-image\" alt=\"Intelligent Simulation of the Epidemic Process of Diphtheria Infection\" title=\"Intelligent Simulation of the Epidemic Process of Diphtheria Infection\" \/><\/a><\/div><div class=\"dt-excersise-detail\"><div class=\"dt-excersise-detail-title\"><h5><a href=\"https:\/\/inso.ge\/inso2017\/dt_workouts\/intelligent-simulation-of-the-epidemic-process-of-diphtheria-infection\/\">Intelligent Simulation of the Epidemic Process of Diphtheria Infection<\/a><\/h5><div class=\"dt-excersise-meta\"><h6>Muscle Group:<\/h6><p>National Aerospace University \u201cKharkiv Aviation Institute\u201d, Kharkiv, Ukraine<\/p><\/div><\/div><div class=\"dt-excersise-detail-cnt\"><p>Abstract \u2013 The aim...<\/p><\/div><\/div><\/div><\/article><\/div><div class=\"column dt-sc-one-fourth\"><article id=\"post-4772\" class=\"workout-entry post-4772 dt_workouts type-dt_workouts status-publish has-post-thumbnail hentry workout_entries-internet-en\"><div class=\"dt-excersises type1\"><div class=\"dt-excersise-thumb\"><a href=\"https:\/\/inso.ge\/inso2017\/dt_workouts\/innovative-trends-in-ecommerce\/\" title=\"Innovative Trends in eCommerce\"><img loading=\"lazy\" decoding=\"async\" width=\"420\" height=\"242\" src=\"https:\/\/inso.ge\/inso2017\/wp-content\/uploads\/2016\/04\/internet-cover-420x242.jpeg\" class=\"attachment-gallery-fourcol size-gallery-fourcol wp-post-image\" alt=\"Innovative Trends in eCommerce\" title=\"Innovative Trends in eCommerce\" \/><\/a><\/div><div class=\"dt-excersise-detail\"><div class=\"dt-excersise-detail-title\"><h5><a href=\"https:\/\/inso.ge\/inso2017\/dt_workouts\/innovative-trends-in-ecommerce\/\">Innovative Trends in eCommerce<\/a><\/h5><div class=\"dt-excersise-meta\"><h6>Muscle Group:<\/h6><p>Georgian Technical University, Georgia, Tbilisi<\/p><\/div><\/div><div class=\"dt-excersise-detail-cnt\"><p>Key words: business communication,...<\/p><\/div><\/div><\/div><\/article><\/div>\n","protected":false},"excerpt":{"rendered":"","protected":false},"author":1,"featured_media":0,"parent":0,"menu_order":33,"comment_status":"open","ping_status":"closed","template":"","meta":{"footnotes":""},"class_list":["post-4375","page","type-page","status-publish","hentry"],"_links":{"self":[{"href":"https:\/\/inso.ge\/inso2017\/wp-json\/wp\/v2\/pages\/4375","targetHints":{"allow":["GET"]}}],"collection":[{"href":"https:\/\/inso.ge\/inso2017\/wp-json\/wp\/v2\/pages"}],"about":[{"href":"https:\/\/inso.ge\/inso2017\/wp-json\/wp\/v2\/types\/page"}],"author":[{"embeddable":true,"href":"https:\/\/inso.ge\/inso2017\/wp-json\/wp\/v2\/users\/1"}],"replies":[{"embeddable":true,"href":"https:\/\/inso.ge\/inso2017\/wp-json\/wp\/v2\/comments?post=4375"}],"version-history":[{"count":3,"href":"https:\/\/inso.ge\/inso2017\/wp-json\/wp\/v2\/pages\/4375\/revisions"}],"predecessor-version":[{"id":4510,"href":"https:\/\/inso.ge\/inso2017\/wp-json\/wp\/v2\/pages\/4375\/revisions\/4510"}],"wp:attachment":[{"href":"https:\/\/inso.ge\/inso2017\/wp-json\/wp\/v2\/media?parent=4375"}],"curies":[{"name":"wp","href":"https:\/\/api.w.org\/{rel}","templated":true}]}}