{"id":4398,"date":"2017-01-22T17:15:29","date_gmt":"2017-01-22T13:15:29","guid":{"rendered":"http:\/\/inso.ge\/inso2017\/?page_id=4398"},"modified":"2017-07-06T16:15:40","modified_gmt":"2017-07-06T12:15:40","slug":"ucxo-ena-en","status":"publish","type":"page","link":"https:\/\/inso.ge\/inso2017\/ucxo-ena-en\/","title":{"rendered":"INTERNET &#038; FOREING LANGUAGE"},"content":{"rendered":"<div class=\"column dt-sc-one-fourth first\"><article id=\"post-4795\" class=\"workout-entry post-4795 dt_workouts type-dt_workouts status-publish has-post-thumbnail hentry workout_entries-internet-forange-language-en\"><div class=\"dt-excersises type1\"><div class=\"dt-excersise-thumb\"><a href=\"https:\/\/inso.ge\/inso2017\/dt_workouts\/integration-des-ressources-en-ligne-dans-lenseignementlapprentissage-du-francais\/\" title=\"Int\u00e9gration des ressources en ligne dans  l\u2019enseignement  l\u2019apprentissage du fran\u00e7ais\"><img loading=\"lazy\" decoding=\"async\" width=\"420\" height=\"242\" src=\"https:\/\/inso.ge\/inso2017\/wp-content\/uploads\/2016\/04\/forange-languages-420x242.jpg\" class=\"attachment-gallery-fourcol size-gallery-fourcol wp-post-image\" alt=\"Int\u00e9gration des ressources en ligne dans  l\u2019enseignement  l\u2019apprentissage du fran\u00e7ais\" title=\"Int\u00e9gration des ressources en ligne dans  l\u2019enseignement  l\u2019apprentissage du fran\u00e7ais\" \/><\/a><\/div><div class=\"dt-excersise-detail\"><div class=\"dt-excersise-detail-title\"><h5><a href=\"https:\/\/inso.ge\/inso2017\/dt_workouts\/integration-des-ressources-en-ligne-dans-lenseignementlapprentissage-du-francais\/\">Int\u00e9gration des ressources en ligne dans  l\u2019enseignement  l\u2019apprentissage du fran\u00e7ais<\/a><\/h5><div class=\"dt-excersise-meta\"><h6>Muscle Group:<\/h6><p>Universit\u00e9 d\u2019Etat Akaki Ts\u00e9r\u00e9t\u00e9li, Kouta\u0457ssi, G\u00e9orgie<\/p><\/div><\/div><div class=\"dt-excersise-detail-cnt\"><p>R\u00e9sum\u00e9 \u2013 Dans cet article il...<\/p><\/div><\/div><\/div><\/article><\/div><div class=\"column dt-sc-one-fourth\"><article id=\"post-4792\" class=\"workout-entry post-4792 dt_workouts type-dt_workouts status-publish has-post-thumbnail hentry workout_entries-internet-forange-language-en\"><div class=\"dt-excersises type1\"><div class=\"dt-excersise-thumb\"><a href=\"https:\/\/inso.ge\/inso2017\/dt_workouts\/die-app-actionbound-im-fremdsprachenunterricht\/\" title=\"Die App Actionbound Im Fremdsprachenunterricht\"><img loading=\"lazy\" decoding=\"async\" width=\"420\" height=\"242\" src=\"https:\/\/inso.ge\/inso2017\/wp-content\/uploads\/2016\/04\/forange-languages-420x242.jpg\" class=\"attachment-gallery-fourcol size-gallery-fourcol wp-post-image\" alt=\"Die App Actionbound Im Fremdsprachenunterricht\" title=\"Die App Actionbound Im Fremdsprachenunterricht\" \/><\/a><\/div><div class=\"dt-excersise-detail\"><div class=\"dt-excersise-detail-title\"><h5><a href=\"https:\/\/inso.ge\/inso2017\/dt_workouts\/die-app-actionbound-im-fremdsprachenunterricht\/\">Die App Actionbound Im Fremdsprachenunterricht<\/a><\/h5><div class=\"dt-excersise-meta\"><h6>Muscle Group:<\/h6><p>Lektorin des Deutschen Akademischen Austauschdienstes (DAAD). <\/p><\/div><\/div><div class=\"dt-excersise-detail-cnt\"><p>Abstract: F\u00fcr den Fremdsprachenunterricht werden immer...<\/p><\/div><\/div><\/div><\/article><\/div>\n","protected":false},"excerpt":{"rendered":"","protected":false},"author":1,"featured_media":0,"parent":0,"menu_order":30,"comment_status":"closed","ping_status":"closed","template":"","meta":{"footnotes":""},"class_list":["post-4398","page","type-page","status-publish","hentry"],"_links":{"self":[{"href":"https:\/\/inso.ge\/inso2017\/wp-json\/wp\/v2\/pages\/4398","targetHints":{"allow":["GET"]}}],"collection":[{"href":"https:\/\/inso.ge\/inso2017\/wp-json\/wp\/v2\/pages"}],"about":[{"href":"https:\/\/inso.ge\/inso2017\/wp-json\/wp\/v2\/types\/page"}],"author":[{"embeddable":true,"href":"https:\/\/inso.ge\/inso2017\/wp-json\/wp\/v2\/users\/1"}],"replies":[{"embeddable":true,"href":"https:\/\/inso.ge\/inso2017\/wp-json\/wp\/v2\/comments?post=4398"}],"version-history":[{"count":3,"href":"https:\/\/inso.ge\/inso2017\/wp-json\/wp\/v2\/pages\/4398\/revisions"}],"predecessor-version":[{"id":4829,"href":"https:\/\/inso.ge\/inso2017\/wp-json\/wp\/v2\/pages\/4398\/revisions\/4829"}],"wp:attachment":[{"href":"https:\/\/inso.ge\/inso2017\/wp-json\/wp\/v2\/media?parent=4398"}],"curies":[{"name":"wp","href":"https:\/\/api.w.org\/{rel}","templated":true}]}}